{"id":297,"date":"2025-10-24T10:57:01","date_gmt":"2025-10-24T10:57:01","guid":{"rendered":"https:\/\/www.modulermodel.com\/?page_id=297"},"modified":"2025-10-24T11:11:57","modified_gmt":"2025-10-24T11:11:57","slug":"projelerimiz","status":"publish","type":"page","link":"https:\/\/www.modulermodel.com\/?page_id=297","title":{"rendered":"Projelerimiz"},"content":{"rendered":"\n<p>Baz\u0131 projelerimiz ve referaslar\u0131m\u0131z<\/p>\n\n\n\n<details class=\"wp-block-details is-layout-flow wp-block-details-is-layout-flow\"><summary>CLOCK BILLIARD CLUB &#8211; \u0130STANBUL -ERKAN KU\u015e<\/summary>\n<p><\/p>\n<\/details>\n\n\n\n<details class=\"wp-block-details is-layout-flow wp-block-details-is-layout-flow\"><summary>TAS\u00c7IO\u011eULLARI M\u00dcHEND\u0130SL\u0130K &#8211; \u0130STANBUL -NEC\u0130P HOCAO\u011eLU<\/summary>\n<p>.<\/p>\n<\/details>\n\n\n\n<p><\/p>\n","protected":false},"excerpt":{"rendered":"<p>Baz\u0131 projelerimiz ve referaslar\u0131m\u0131z<\/p>\n","protected":false},"author":1,"featured_media":0,"parent":0,"menu_order":0,"comment_status":"closed","ping_status":"closed","template":"","meta":{"footnotes":""},"class_list":["post-297","page","type-page","status-publish","hentry"],"_links":{"self":[{"href":"https:\/\/www.modulermodel.com\/index.php?rest_route=\/wp\/v2\/pages\/297","targetHints":{"allow":["GET"]}}],"collection":[{"href":"https:\/\/www.modulermodel.com\/index.php?rest_route=\/wp\/v2\/pages"}],"about":[{"href":"https:\/\/www.modulermodel.com\/index.php?rest_route=\/wp\/v2\/types\/page"}],"author":[{"embeddable":true,"href":"https:\/\/www.modulermodel.com\/index.php?rest_route=\/wp\/v2\/users\/1"}],"replies":[{"embeddable":true,"href":"https:\/\/www.modulermodel.com\/index.php?rest_route=%2Fwp%2Fv2%2Fcomments&post=297"}],"version-history":[{"count":5,"href":"https:\/\/www.modulermodel.com\/index.php?rest_route=\/wp\/v2\/pages\/297\/revisions"}],"predecessor-version":[{"id":306,"href":"https:\/\/www.modulermodel.com\/index.php?rest_route=\/wp\/v2\/pages\/297\/revisions\/306"}],"wp:attachment":[{"href":"https:\/\/www.modulermodel.com\/index.php?rest_route=%2Fwp%2Fv2%2Fmedia&parent=297"}],"curies":[{"name":"wp","href":"https:\/\/api.w.org\/{rel}","templated":true}]}}